 (-6)/(-27). Let s = 4 + n. Let r(h) = 362 + 2*h - 4*h - 363. Give r(s).
-7
Let j(w) = -w - 1 + 6*w - w + 7*w**2 - 2*w. Let q(p) = -7*p**2 - 2*p + 1. Let x(c) = 4*j(c) + 3*q(c). Determine x(1).
8
Let r = 88 + -87. Let b(k) = k - 1. Give b(r).
0
Let g(u) = 8*u**3 - u**2 + 1. Suppose -2*o + 2*v + 10 = 0, -o - 8 = 3*o + 3*v. Give g(o).
8
Let u = 1 + -2. Let o(l) = 3*l**3 - l**2 - l. Let p be o(u). Let w(t) be the second derivative of t**4/12 + t**3/3 - t**2 + 2395*t. What is w(p)?
1
Let m(l) = l**3 - l**2 - 3*l - 4. Let o(y) = -6*y - 12. Let f be o(-4). Suppose -t = -4*u + t + f, 5*u = t + 15. Give m(u).
5
Suppose -40*b = 341 + 259. Let z(v) = v**3 + 15*v**2 - 5. What is z(b)?
-5
Let y(a) = a. Let n(u) = u**3 + 3*u**2 + 2*u. Suppose -5 + 2 = k. Let i be n(k). Determine y(i).
-6
Suppose -p - 18 = -3*p. Let k(b) be the third derivative of b**4/24 - 5*b**3/6 + 7*b**2. Let a be k(p). Let s(h) = -2*h + 2. Calculate s(a).
-6
Let l(y) = 4*y**2 + 2*y + 6. Let n(h) be the third derivative of -3*h**5/20 - h**4/8 - 13*h**3/6 - 18*h**2. Let i(u) = -7*l(u) - 3*n(u). Determine i(-7).
-17
Let z(j) = 3*j + 4. Suppose m + 4*m = -5*u - 85, 0 = -3*u - m - 45. Let o = u - -16. Let d(i) = -5*i + 6. Let f be d(o). What is z(f)?
-8
Let v(i) = -3*i**2 - 13*i + 43. Let d(m) = -2*m**2 - 6*m + 22. Let x(o) = -5*d(o) + 3*v(o). Let k be x(6). Let j(u) = -12*u + u + u. Determine j(k).
-10
Let f be (-472)/52 - (-3)/39. Let k(i) = i + 11. Give k(f).
2
Let f be (205/15 + -12)/((-10)/(-36)). Let a(l) be the third derivative of -l**6/120 + l**5/12 + l**4/8 + l**3/2 - l**2. Determine a(f).
-15
Let q(a) = 2 + a + a - 6. Suppose -70*c + 72*c = 8. What is q(c)?
4
Let h(d) = -2*d**3 + 12*d**2 + 7*d + 4. Suppose 6*k + 24 = 6. Let i(v) = -3*v**3 + 13*v**2 + 6*v + 4. Let a(b) = k*i(b) + 4*h(b). Calculate a(-8).
-12
Let z(k) = k**3 - 4*k**2 + 2*k - 5. Suppose 10*x - 69 + 29 = 0. Determine z(x).
3
Let m(x) = -x**2 + 10*x - 2. Let v(a) = -3*a**2 + 22*a - 3. Let o(l) = -7*m(l) + 3*v(l). What is o(-5)?
-25
Let z be (-48)/12 + (1 - -11). Let d(v) = -2*v + 20. Give d(z).
4
Let v(y) = -y**3 - 5*y**2 + 6*y - 4. Let a(j) = 2*j**3 + 9*j**2 - 11*j + 8. Let r(b) = 4*a(b) + 9*v(b). Give r(-10).
-4
Let d(v) be the first derivative of -v**2/2 - 4*v - 4. Suppose j = -3*x - 12, -2*x - 5 = j + 3. Give d(j).
-4
Let s(b) = 112 + 120 + 109 + 4*b - 337. What is s(4)?
20
Let o be -3*(-4)/(-6) + -2 + 6. Let m(n) = -n**o - n + 4*n + 2*n. Give m(3).
6
Let u(x) = 3*x**3 + 3*x**2 - x - 3. Suppose 0 = 5*z + 3*l - 2, 3*l = 12 - 0. Determine u(z).
-13
Let t = 25 + -1. Suppose c = -3*f - t, f - c + 8 = 4*c. Let o(l) = l - 11 - 5*l + 3*l. Determine o(f).
-3
Let j(p) = -p**2 - 9*p - 11. Suppose 0 = -3*x + o - 155, -o = -2*x - 82 - 21. Let w = -14 - x. Suppose -m = 5*a + w - 5, -2*m + a = 11. Calculate j(m).
-3
Let k(j) be the third derivative of -j**5/60 - j**4/6 - j**3/3 - 789*j**2. Suppose -18 = 4*i - 3*i + 5*b, 5*i - 4*b + 3 = 0. Determine k(i).
1
Let u(b) = 249 - 246 - 15*b + b**2 - 11*b + 31*b. Give u(-5).
3
Let q be (-2 - (-4 - -2))/(-89 + 90). Let w(s) = -s**2 - s + 19. Let p(j) = -3*j**2 - 3*j + 56. Let m(a) = -6*p(a) + 17*w(a). Determine m(q).
-13
Let g(z) be the third derivative of 0*z + 1/6*z**3 + z**2 - 13/24*z**4 + 0. Suppose 2*i - 2 = -6*l, 33*i - 29*i - 4 = 3*l. Give g(i).
-12
Let d be (-1)/(-3 + 4) + 12. Let f(v) = -v + 14. Let z be f(12). Let g(k) = -d*k**z - 2*k**2 + 0*k + k. Determine g(-1).
-14
Suppose 2*t - 8 = -j, -2*j - 4 = 3*t - 18. Let p(g) = -1 - 4*g - 3*g**t + g**2 - 5*g**2 + 6*g**2. Give p(-5).
-6
Let u(j) = 9*j**2 + 4*j + 1. Let i be u(-1). Suppose i - 12 = 2*f. Let l(b) be the first derivative of -b**4/4 - 4*b**3/3 - 3*b**2/2 - 3*b + 1. Calculate l(f).
-3
Let s(x) be the second derivative of -3*x + 0 + 1/3*x**3 - 2*x**2. Suppose 14*d + 24 = 80. Give s(d).
4
Let r = 13 - 14. Let o(n) = -15*n**2 + 5*n**2 + 8*n**2 + 6*n**2. Give o(r).
4
Let m(g) = 344*g**2 - 88*g**2 - 84*g**2 - 11 - g - 87*g**2 - 84*g**2. Let p be 1/(-2)*1*-4. Suppose -3*w - p*w = 0. Give m(w).
-11
Let g(z) = -3*z - 6 + 2 + 4 + 2. Suppose 25 = 5*x - 5*q, -q + 6 = -3*x + 11. Suppose 2*s - 4*w - 10 = x, 0 = 3*w + 8 + 4. Give g(s).
11
Let b(q) = -q - 3. Let n be b(-9). Suppose 0 = 3*m - 87 - 123. Let t be (n/(-5))/((-21)/m). Let p(g) = g**3 - 5*g**2 + 5*g + 3. Determine p(t).
7
Let w be 0/((-1)/(0 + -1)). Let q(l) = l**2 + 0*l + 1749 - l - 1747 + l**3. Give q(w).
2
Let m(y) = -1 - 4*y + 6 + 0*y + y**2. Let w = 1033 - 1028. Determine m(w).
10
Let r(x) be the second derivative of x**5/20 + 5*x**4/6 - 11*x**3/6 - x**2/2 + x + 8. Give r(-11).
-1
Suppose -2*b - 6*a - 8 = -2*a, -2*b = -3*a + 1. Let j be (b + 8/4)/4. Let n(k) = k**2 + 3. What is n(j)?
3
Let a(r) = 2*r**2 - 6*r + 2. Suppose 12*p = p - 946. Let o = p + 90. Determine a(o).
10
Let d = 1670 + -1661. Let s(r) = 3*r - 23. Calculate s(d).
4
Let u(k) = 7*k - 18. Let n(o) = 6*o - 17. Let f(r) = -6*n(r) + 5*u(r). What is f(14)?
-2
Let y(o) be the second derivative of o**5/20 - 5*o**4/12 - 2*o**3/3 - 3*o**2/2 - 2*o. Let h(v) = -25*v + 156. Let n be h(6). Calculate y(n).
9
Let c = -545 - -544. Let v(p) = 38*p - 1. Determine v(c).
-39
Let z(m) be the third derivative of 0*m + 0 - 1/24*m**4 + 12*m**2 + 0*m**3. Give z(8).
-8
Suppose 5 = -2*s + d - 1, 4*s + 2*d + 28 = 0. Let n(m) be the second derivative of m**3/2 - 3*m**2/2 + 6*m. What is n(s)?
-18
Let l = -8 + 16. Let c(i) be the second derivative of i**3/6 - 5*i**2 - 18*i + 1. Determine c(l).
-2
Let g(r) = -5*r**2 + 7*r - 7. Let f(o) = 4*o**2 - 7*o + 6. Let k(y) = -6*f(y) - 5*g(y). Suppose 0 = -2*m - 3*m - 30. Give k(m).
-7
Let c = -30 + 21. Let v be -1 + (0 + 2)/(-1). Let a be 1/c*v*-3. Let p(q) = -q**2 + q + 1. What is p(a)?
-1
Let t(h) = -2*h**3 - 2*h**2 + 12*h. Let z be t(-3). Let m(y) = 3*y - 3. Calculate m(z).
-3
Suppose 0 = -r - 2*b - 19, 0 = 15*r - 14*r + 5*b + 34. Let w(d) = -d**3 - 9*d**2 + 2*d + 10. Determine w(r).
-8
Let n = -16 + 18. Suppose -2*t + 8 = n*p, 8 = 4*t - 3*p - 1. Let o(y) = 6 + 7*y - 6*y - t. Determine o(0).
3
Let g(a) = -a**2 + 7*a - 3. Let m(o) = o**2 - o - 16. Let f be m(5). Suppose -2*n = f - 16. Calculate g(n).
3
Let c be (-7)/(28/16)*3/(-4). Let k(p) = 6*p - p + 2*p + c - 5*p. Let x be ((-6)/4)/(1/2). Calculate k(x).
-3
Let x(h) = -h**2 - 6*h - 2. Let n be x(-6). Let u be -4*((-9)/6 - n). Let f(l) = l**3 + 2 + l**2 + 0*l**3 - 1 - l. Calculate f(u).
-1
Let k(v) = -9*v**3 - 13*v**2 + 27*v - 40. Let b(q) = 5*q**3 + 6*q**2 - 14*q + 21. Let g(m) = 7*b(m) + 4*k(m). Determine g(-11).
-2
Let g(j) = -12*j**3 - 1 + 1 + 11*j**3 + 4*j**2 - 4 - 2*j. Determine g(3).
-1
Let g(c) = -c**3 + c - 18. Let o(j) = j**3 - j + 18. Suppose 5*t = -35 + 5. Let h(p) = t*o(p) - 7*g(p). Give h(0).
18
Let x(j) be the third derivative of j**5/10 - j**4/24 + j**3/6 - j**2. Suppose 0 = 3*y - 2*i - 7, 2*y = 5*i + 47 - 35. What is x(y)?
6
Let d(f) = -13*f - 23*f + 42*f - 8*f + 5. What is d(5)?
-5
Let p(m) = m + 26. Let r(y) = 2*y**2 - 9*y - 35. Let f be r(7). Give p(f).
26
Let j(s) be the third derivative of s**5/60 - s**4/24 + 19*s**2. What is j(-1)?
2
Suppose 2*f - 14 = -2. Let l(j) = 77*j - 149*j + 73*j + 3. What is l(f)?
9
Let j(b) = b + 1. Let d(m) = 5*m - 2. Let s(r) = d(r) - 3*j(r). Suppose -h = -0*h. Suppose h = -3*f + 4*f - 5. Determine s(f).
5
Suppose -2 - 10 = 2*y. Let r(m) = m**3 + 7*m**2 + 4*m - 7. What is r(y)?
5
Let o(n) = n**3 - 3*n + 3. Suppose 5*p + 12 = p - 4*k, 3*p + 4*k + 7 = 0. Let a(c) = c**3 - 4*c**2 - 4*c + 2. Let u be a(5). Let d = p + u. What is o(d)?
5
Suppose 0 = g - 19 + 7. Let n(o) = o**2 - 11*o - 8. What is n(g)?
4
Let h be 54/(-8) + 3/(-12). Let j = -11 - h. Let y(v) be the third derivative of v**6/120 + v**5/15 - v**4/24 + v**3/3 + 113*v**2. Determine y(j).
6
Let i(c) = -2*c. Suppose -4*s = -l + 19, -4*l = 4*s - 0*l + 4. Determine i(s).
8
Let d(l) = -4*l**2 - 2*l - 3. Let c = -86 - -83. Let x = -2 - -7. Let y(w) = -7*w**2 - 5*w - 5. Let h(t) = c*y(t) + x*d(t). Calculate h(-4).
-4
Let f(t) = -t**2 + 3*t - 2. Let j be f(2). Suppose 2*x - 3*x + 1 = j. Let v(w) = -313*w**2 + 950*w**2 - w + 2*w - 320*w**2 - 312*w**2. Give v(x).
6
Suppose 32*z + 35*z = 73*z. Let k(w) be the first derivative of 4 + 5/2*w**2 + 1/4*w**4 + z*w + 5/3*w**3. What is k(-4)?
-4
Let o be (4/(-4)*3)/1. Let s(k) = k**3 - k**2 - 1. Let n